+ 21 = -x*a, -4*i + 28 = 3*a + 5. List the prime factors of i.
5
Suppose 3 - 11 = -2*o. Let j(g) = g**3 - 2*g**2 - 5*g + 2. Let z be j(o). Let i = z - 8. List the prime factors of i.
2, 3
Let j be 2/((-22)/18 + 1). What are the prime factors of j/((1 - 2)/1)?
3
Suppose 5*c - 4*w = 2*c - 30, 0 = 4*c + 5*w + 9. Let x = c + 6. Suppose x = -3*z - 7 + 25. What are the prime factors of z?
2, 3
Suppose -4*z - 5 = -w, -2 = 4*z - 0*w + 2*w. List the prime factors of z - (-17 + -1) - -3.
2, 5
Let g(k) = -k**2 + 12*k - 8. Let y be g(6). Suppose t = 4*o + 21, -4*t - 2*o = -56 - y. What are the prime factors of t?
3, 7
Suppose 55 = -0*f + f. List the prime factors of f.
5, 11
Suppose t - 2*t - 2*g = -35, -g = -5*t + 175. List the prime factors of t.
5, 7
Let x(r) = -r + 1. Let y be x(6). Let l(w) = -w + 1. Let f(z) = 10. Let h(t) = -f(t) + 4*l(t). List the prime factors of h(y).
2, 7
Let n be 1/((-2)/(-58) + 0). Let z = 40 - n. List the prime factors of z.
11
Suppose 46 = 3*x + 2*p, -2*p - 2*p = x - 12. List the prime factors of x.
2
Let c(o) be the second derivative of o**3/6 + o**2/2 + o. Let i be c(4). Let y = 15 - i. List the prime factors of y.
2, 5
What are the prime factors of ((-795)/(-10) - 0)/(3/6)?
3, 53
Suppose 0 = -5*t - 2*k + 124, -2*t - t = 3*k - 78. List the prime factors of t.
2, 3
Let i be (-17)/(-3) + (-4)/(-12). Suppose -3*g + i*g = 36. What are the prime factors of g?
2, 3
Let g(z) be the second derivative of -z**4/6 + 7*z**3/6 - 5*z**2/2 - z. Let j be g(5). Let q = 28 + j. What are the prime factors of q?
2
What are the prime factors of (-27)/(-18)*254/3?
127
Let h(l) = 27 + l**3 - 7 + 0*l**2 + l**2. Let w be 0 + -4 + 2 - -2. List the prime factors of h(w).
2, 5
Suppose 0 = v + 3*v + 4. Let n = v + 11. List the prime factors of n.
2, 5
Let c(z) be the third derivative of -z**6/120 + 7*z**5/60 - z**4/4 - z**3/3 + 4*z**2. List the prime factors of c(5).
2, 3
Suppose 4*j + 261 - 1105 = -5*z, 856 = 5*z + j. List the prime factors of z.
2, 43
Suppose q + 9 = 5*d - 17, 0 = 5*q + 4*d - 15. What are the prime factors of -5*(52/10)/q?
2, 13
Let i be (-3)/(-9) - (-1100)/12. Suppose -2*q + i = 2*q. What are the prime factors of q?
23
Let w(u) = -86*u**3 - 2*u**2 - 2*u - 1. Let f be w(-1). Suppose -4*q - q = -f. List the prime factors of q.
17
Let c = 14 - -7. What are the prime factors of c?
3, 7
Suppose 5*q = -5*f - 275, -2*f - f = 15. Let r = 76 + q. What are the prime factors of r?
2, 13
Let y = 9 + -11. List the prime factors of -1 + (1 - y) + 2.
2
Let l be (6/18)/((-2)/(-78)). Let z = 9 - l. Let u(o) = -o**2 - 6*o - 3. What are the prime factors of u(z)?
5
Suppose -2*h = h + 27. Let d = -4 - h. Let u = 7 - d. What are the prime factors of u?
2
Let y be (2/3)/(1/(-9)). Let n(x) = x**2 + 5*x + 1. List the prime factors of n(y).
7
Let l(v) = -2*v + 4. Let k be l(3). List the prime factors of 5 - (2 - -1) - k.
2
Suppose -4 = -2*c + 5*c - v, -c + 2*v - 3 = 0. Let y be -1 + (c - 1) + 3. Suppose y = w - 21. List the prime factors of w.
3, 7
Let a(d) = 2*d**2 + 8*d - 6. List the prime factors of a(-7).
2, 3
Suppose -5 = -3*r + 10. Suppose -7*b + 13*b = 72. Let j = r + b. What are the prime factors of j?
17
Let c be ((-2)/2 + -9)*-1. Let l = 3 + c. List the prime factors of l.
13
Let t(s) = -3*s. Let n be t(-2). Let o be (-3 + 1)*(-3)/n. What are the prime factors of -4 + 5 + 8*o?
3
Let j(f) = -f**3 - 10*f**2 + 10. Let i be j(-10). Let p = i + 14. What are the prime factors of p?
2, 3
Suppose 88 + 19 = 4*z + 3*q, -4*z = -5*q - 131. List the prime factors of z.
29
Suppose 5*s + 4*b = 23, 14 = 3*s - 2*b - 13. List the prime factors of s.
7
Suppose -35 = -7*i + 2*i. List the prime factors of i.
7
Suppose -3*k + 3*t + 621 = 0, -3*t = 4*k - 0*t - 863. List the prime factors of k.
2, 53
Let w = 2 - 3. Let k be (-2*5/2)/w. List the prime factors of k - ((-1 - -1) + 0).
5
Let x(h) = 4*h + 54. List the prime factors of x(0).
2, 3
Let m be (-10)/45 - 146/(-9). Let p = -10 + m. List the prime factors of p.
2, 3
Suppose -2*t = q - 2 + 47, -4*q - 120 = 5*t. What are the prime factors of (1 - 3)/(2/t)?
2, 5
Suppose -5*n + 279 = -2*p, -n + 8 + 57 = -5*p. Suppose -4*d - 3*u = -n, -1 = -2*u - 7. What are the prime factors of d?
2
Suppose 0*z = 5*z - 30. List the prime factors of z.
2, 3
Suppose 2*i + 15 + 25 = 0. List the prime factors of i*(28/16 - 3).
5
Let w be 2 - ((-4)/2 + 4). Suppose -4*f + 2 - 34 = w. Let r(m) = -m**3 - 7*m**2 + 8*m + 3. What are the prime factors of r(f)?
3
Let f(j) = j**2 + j**3 - 3*j + j + 11*j**3 + 1. Let l(t) = -t**3 + 5*t**2 - 4*t + 1. Let b be l(4). List the prime factors of f(b).
2, 3
Suppose 4*d - 148 = 104. What are the prime factors of d?
3, 7
Suppose 81 = 3*m - 36. What are the prime factors of m?
3, 13
Let f(n) = n**2 - n. Let l(k) = 5*k**2 - 6*k - 1. Let z(h) = 6*f(h) - l(h). Let b(i) be the first derivative of z(i). What are the prime factors of b(5)?
2, 5
Let i(k) = -k**3 - k**2 - k + 4. Let w be (-9)/3 + (5 - 0). Suppose 0 = p + w*r - 6, 4*p + r + 3*r - 12 = 0. List the prime factors of i(p).
2
Suppose -2*d + 0*d - 10 = -3*f, 0 = -5*d - 3*f - 4. Let b be (21/d)/(-1)*2. Let s = b + -8. List the prime factors of s.
13
Let n(r) = 2*r**2 + 3*r - 1. List the prime factors of n(-5).
2, 17
Let y(w) = -9*w + 2. What are the prime factors of y(-6)?
2, 7
Let c be 10/20 - (-107)/2. Suppose 4*v - 78 = c. List the prime factors of v.
3, 11
Suppose -2*y + 25 = 3*y. Suppose 3*d + y*s = 87 - 3, -3*s = 3*d - 90. List the prime factors of d.
3, 11
Suppose -3*u = -3*t + 33, -90 = -5*t - 0*t - 2*u. Suppose g - 58 = -3*i, 0 = -3*g - t + 1. What are the prime factors of i?
3, 7
Let h be 4 + (-3 - 0) + 2. Suppose 0 = -h*m - 3*b + 12, 2*b = -0*b. Suppose s = -m*n + 69, -3*n + 56 = 4*s + s. What are the prime factors of n?
17
Let o(z) = -2*z**3 + z**2 - z + 4. Let l(t) = 6*t**3 - 2*t**2 + 3*t - 11. Let h(f) = 3*l(f) + 8*o(f). List the prime factors of h(2).
5
Let b be -4 + (-2)/4*2. Let j(r) = 2 + 843*r - 846*r + 3. What are the prime factors of j(b)?
2, 5
Suppose -7*b = -312 - 178. Suppose 4*f - 238 = -b. What are the prime factors of f?
2, 3, 7
Suppose -400 = -2*a - 2*a. Suppose -y - 4*y - a = 0. Let m = -5 - y. List the prime factors of m.
3, 5
Let w be 3*(-1 + (-24)/(-9)). Let n(h) = 3*h - 4. Let g be n(w). Suppose 3*u + 7*m - 33 = 4*m, 0 = u - 5*m - g. List the prime factors of u.
11
Let t(f) = -f**3 + 2*f**2 + 4*f. Let h be t(3). What are the prime factors of ((-10)/(-6))/(h/36)?
2, 5
Let q = 8 - 6. Suppose 0 = -0*z - q*z - 20. What are the prime factors of 4/10 - 46/z?
5
Let s = -25 + -43. Let q be 2/(-11) + s/(-11). Let j = 13 - q. List the prime factors of j.
7
Let a be 4 - 2*2/4. Suppose n + a*g - 20 = 0, 0*g - 3*g = -6. Suppose 0 = o + o - n. What are the prime factors of o?
7
Let b = 13 - -28. List the prime factors of b.
41
Suppose v - 4*v + 12 = 0. Suppose -v*r = -97 - 7. What are the prime factors of r?
2, 13
Let c(y) = -1. Let r(w) = w + 1. Let s(t) = c(t) + 3*r(t). List the prime factors of s(3).
11
Let p(g) = -3*g + 3. Let q be p(-4). Let a = q + -11. Let s = -2 + a. What are the prime factors of s?
2
Let t be 14/(-49) - (-220)/(-14). Suppose o = 3*i - 14, -113 = 5*o + 3*i + 29. Let s = t - o. What are the prime factors of s?
2, 5
Suppose 344 = 3*g + 5*h, 4*h + 92 = -12*g + 13*g. What are the prime factors of g?
2, 3
Let j(b) = b**2 - 6*b + 6. Let l be j(5). Let o be l*(-2)/(-1)*-2. What are the prime factors of o/(-14)*(11 + -4)?
2
Let c = -5 + 14. Suppose -u = -2*u + c. List the prime factors of u.
3
Suppose -2*k + 22 = -3*u, 0*k = -2*k - u + 6. Suppose k*y = -l + y + 27, -5*l + y + 114 = 0. What are the prime factors of l?
23
Suppose -4*v = -5*n + 634, 6*n - 3*n - 4*v - 382 = 0. List the prime factors of n.
2, 3, 7
Suppose 2*v = q - 160, 3*v + 652 = 4*q - v. What are the prime factors of q?
2, 83
Let i = -90 - -134. List the prime factors of i.
2, 11
Let n(u) = u**2 + 4*u + 1. Let x be 1 - (0 - (-1 + 2)). Suppose -4*f - 28 = -4*a, -5*f + x*a - 26 = 3. List the prime factors of n(f).
2, 3
Let k(a) = a**2 - a - 2. What are the prime factors of k(-7)?
2, 3
What are the prime factors of -1*(-5)/(5/57)?
3, 19
Let l(y) = -9*y**3 - 2*y**2 - y - 1. Let s = -3 + 1. Let q be l(s). List the prime factors of q/9 + (-4)/18.
7
Let i = 2 -